894157?
41, 71, 11987
List the prime factors of 43653229.
17, 37, 69401
What are the prime factors of 226367594?
2, 127, 409, 2179
List the prime factors of 359427260.
2, 5, 17, 227, 4657
What are the prime factors of 706170766?
2, 7, 5743, 8783
List the prime factors of 4182202882.
2, 11, 13, 3533, 4139
List the prime factors of 415948892.
2, 157, 662339
List the prime factors of 69573355.
5, 43, 323597
List the prime factors of 39490145.
5, 7898029
What are the prime factors of 316530142?
2, 173, 914827
List the prime factors of 17198222.
2, 8599111
What are the prime factors of 92064919?
71, 1296689
What are the prime factors of 761029923?
3, 253676641
What are the prime factors of 241803692?
2, 13, 23, 181, 1117
What are the prime factors of 856681212?
2, 3, 3541, 20161
What are the prime factors of 5643838890?
2, 3, 5, 2069, 10103
List the prime factors of 288307469.
288307469
List the prime factors of 54608708.
2, 7, 11, 177301
What are the prime factors of 3220286896?
2, 19, 10593049
List the prime factors of 119302206.
2, 3, 19883701
What are the prime factors of 145958116?
2, 61, 598189
What are the prime factors of 59907863?
59907863
List the prime factors of 637384202.
2, 7, 13, 47, 269, 277
List the prime factors of 641361102.
2, 3, 8581, 12457
What are the prime factors of 181781212?
2, 79, 575257
What are the prime factors of 2844659?
83, 34273
List the prime factors of 14587066.
2, 13, 103, 419
List the prime factors of 188682226.
2, 53, 1780021
What are the prime factors of 1199635916?
2, 233, 1287163
What are the prime factors of 468042646?
2, 234021323
List the prime factors of 3032079431.
7757, 390883
What are the prime factors of 629766060?
2, 3, 5, 7, 11, 271, 503
List the prime factors of 60862264.
2, 67, 271, 419
What are the prime factors of 992891109?
3, 7, 47280529
List the prime factors of 90801531.
3, 59, 271, 631
List the prime factors of 204383074.
2, 7, 97, 150503
List the prime factors of 3000873951.
3, 333430439
What are the prime factors of 89581350?
2, 3, 5, 597209
What are the prime factors of 958868?
2, 17, 59, 239
List the prime factors of 20231358.
2, 3, 7, 481699
List the prime factors of 162626610.
2, 3, 5, 61, 88867
List the prime factors of 6003517010.
2, 5, 307, 1955543
What are the prime factors of 371143490?
2, 5, 17, 47, 46451
List the prime factors of 22648354.
2, 11324177
What are the prime factors of 834096583?
277, 3011179
List the prime factors of 1430606397.
3, 11, 401, 108109
What are the prime factors of 821854810?
2, 5, 7, 97, 121039
What are the prime factors of 7857395694?
2, 3, 83, 5259301
List the prime factors of 11406137.
19, 23, 43, 607
What are the prime factors of 6376933085?
5, 1275386617
What are the prime factors of 71693257?
71693257
List the prime factors of 34588505.
5, 7, 988243
List the prime factors of 42683295.
3, 5, 2845553
What are the prime factors of 31623324?
2, 3, 887, 2971
What are the prime factors of 136212293?
7, 71, 274069
List the prime factors of 580821896.
2, 173, 307, 1367
What are the prime factors of 37712003?
7, 5387429
What are the prime factors of 414329099?
2503, 165533
What are the prime factors of 127734640?
2, 5, 11, 23, 6311
List the prime factors of 459049882.
2, 79, 127, 22877
List the prime factors of 19492860.
2, 3, 5, 19, 17099
List the prime factors of 527065960.
2, 5, 17, 775097
What are the prime factors of 67265362?
2, 17, 1978393
List the prime factors of 78061652.
2, 19, 1027127
List the prime factors of 75115702.
2, 19, 1976729
List the prime factors of 364634949.
3, 7, 619, 28051
What are the prime factors of 1007678128?
2, 17, 37, 223, 449
What are the prime factors of 3409841054?
2, 29, 58790363
List the prime factors of 17020634.
2, 8510317
List the prime factors of 2583295239.
3, 7, 2510491
List the prime factors of 42849094.
2, 21424547
What are the prime factors of 57266428?
2, 14316607
What are the prime factors of 106430668?
2, 1151, 23117
List the prime factors of 34659025.
5, 1386361
List the prime factors of 672522148.
2, 67, 2509411
List the prime factors of 256359640.
2, 5, 6408991
List the prime factors of 164905681.
2293, 71917
What are the prime factors of 80443798?
2, 43, 935393
List the prime factors of 280047279.
3, 61, 1530313
List the prime factors of 156157171.
47, 397, 8369
What are the prime factors of 86477415?
3, 5, 47, 122663
List the prime factors of 1979313532.
2, 7, 73, 968353
What are the prime factors of 897512763?
3, 7, 2221, 2749
List the prime factors of 20598310.
2, 5, 163, 12637
List the prime factors of 113476478.
2, 29, 701, 2791
What are the prime factors of 478788901?
17, 67, 79, 313
What are the prime factors of 296334815?
5, 7, 127, 163, 409
What are the prime factors of 6375332148?
2, 3, 531277679
List the prime factors of 21126671.
21126671
What are the prime factors of 431069252?
2, 107767313
List the prime factors of 56671193.
31, 1061, 1723
What are the prime factors of 72969116?
2, 11, 1658389
What are the prime factors of 71969439?
3, 59, 281, 1447
What are the prime factors of 247531100?
2, 5, 241, 10271
List the prime factors of 53081640.
2, 3, 5, 147449
What are the prime factors of 553996349?
553996349
List the prime factors of 1105042549.
13, 85003273
What are the prime factors of 2063712852?
2, 3, 107, 535751
List the prime factors of 2244552246.
2, 3, 124697347
What are the prime factors of 274028538?
2, 3, 7, 6524489
List the prime factors of 2939697239.
17, 139, 1244053
What are the prime factors of 77108913?
3, 7, 397, 3083
What are the prime factors of 2571923258?
2, 19, 5669, 11939
What are the prime factors of 2069174819?
44101, 46919
List the prime factors of 35807937.
3, 11, 47, 23087
What are the prime factors of 95409502?
2, 47704751
What are the prime factors of 109185511?
5851, 18661
What are the prime factors of 78507562?
2, 7, 31, 37, 4889
What are the prime factors of 660618012?
2, 3, 761, 72341
List the prime factors of 3540898501.
7, 19, 101, 263597
What are the prime factors of 1292260548?
2, 3, 107688379
List the prime factors of 55834576.
2, 7, 498523
What are the prime factors of 17558808?
2, 3, 173, 4229
List the prime factors of 596949188.
2, 11, 101, 134327
List the prime factors of 220036366.
2, 11, 3109, 3217
What are the prime factors of 6755003554?
2, 13, 4703, 55243
List the prime factors of 1167783734.
2, 13, 281, 159839
List the prime factors of 369287026.
2, 239, 772567
What are the prime factors of 257439891?
3, 17, 311, 16231
What are the prime factors of 13052797?
13052797
List the prime factors of 2342915.
5, 619, 757
What are the prime factors of 327365909?
13, 25181993
List the prime factors of 1254440.
2, 5, 11, 2851
What are the prime factors of 66512970?
2, 3, 5, 587, 1259
What are the prime factors of 1979331815?
5, 23, 3499, 4919
List the prime factors of 119872712.
2, 17, 881417
What are the prime factors of 87129461?
331, 461, 571
List the prime factors of 208553569.
7, 17, 43, 53, 769
What are the prime factors of 475466587?
475466587
List the prime factors of 216205960.
2, 5, 61, 88609
List the prime factors of 1773861725.
5, 521, 136189
What are the prime factors of 138415863?
3, 23, 83, 24169
List the prime factors of 892203833.
23, 233, 166487
List the prime factors of 82671192.
2, 3, 127579
What are the prime factors of 1552894284?
2, 3, 31, 857, 4871
What are the prime factors of 55738582?
2, 27869291
What are the prime factors of 272429017?
7, 101, 385331
What are the prime factors of 4372138003?
4372138003
List the prime factors of 513556660.
2, 5, 25677833
What are the prime factors of 769770803?
113, 131, 149, 349
List the prime factors of 265101135.
3, 5, 13, 1359493
What are the prime factors of 2729297806?
2, 23, 43, 32089
What are the prime factors of 5790741?
3, 11, 379, 463
What are the prime factors of 482817585?
3, 5, 79, 211, 1931
What are the prime factors of 100489113?
3, 53, 70223
What are the prime factors of 102505570?
2, 5, 19, 539503
What are the prime factors of 56986492?
2, 79, 180337
List the prime factors of 23266291.
89, 197, 1327
List the prime factors of 299907132.
2, 3, 7, 17, 210019
List the prime factors of 13036378.
2, 193, 33773
What are the prime factors of 22826856?
2, 3, 13, 23, 3181
Wh